)?
3
What is the value of -3 + (7 - 0) + -3 + -1?
0
Evaluate -5 + 7 + (-10 - -3).
-5
Evaluate -2 - (-3 + -1 + 6).
-4
Evaluate 3 - (-3 + 3 + 1 + 1).
1
Calculate -1 - ((3 - 2) + 11 + -14).
1
1 + -3 + 8 + -7
-1
What is -12 + 1 + (-9 - (-16 - -4))?
-8
What is the value of (3 + -1 - (6 - 1)) + -1?
-4
(3 - 6) + 3 - (6 + -7)
1
What is 5 + -3 + 4 + -3?
3
What is ((2 - 1) + 0 - 3) + -3?
-5
What is the value of -2 + (7 - 9) - 4?
-8
Evaluate (4 - (-2 - -4)) + -20 + 18.
0
-5 - (2 + 2 - 15)
6
What is the value of 2 - (-2 + (12 - 3))?
-5
Evaluate (6 + -4 - 6) + 3 - -5.
4
What is (1 - -4 - 4 - 4) + 0?
-3
1 + (-3 - -4) - (5 - 1)
-2
What is the value of 3 + 1 - 0 - 2?
2
-11 + (-6 - 3 - -16)
-4
Evaluate 2 + (-4 - -3) + 4.
5
What is the value of -7 - (2 + (-4 - -1) - 5)?
-1
What is the value of (-3 + 1 + 5 - 5) + -3?
-5
What is -2 + (1 + 5 + -5 - 6)?
-7
What is the value of 1 + -2 + (-6 - (-6 + 1))?
-2
Evaluate 2 - (-9 + (-8 - -16)).
3
5 + 1 + 0 + 0
6
What is the value of 3 + -2 - (3 + 1)?
-3
Calculate -1 + (2 - (-1 + 1)) + -1.
0
4 - -7 - 13 - -5
3
(2 + 2 - 3) + 3
4
Evaluate -2 - ((-62 - -72) + (-7 - 1)).
-4
Calculate (0 - 6) + (-7 - 2 - -11).
-4
What is (0 - 2) + 7 - (-7 + 15)?
-3
Evaluate (-7 - -2 - -2) + -2.
-5
What is 5 + -3 + 3 + -6 + 2?
1
Calculate 11 + 8 + -9 + -4 + -2.
4
1 - (-2 + -5 + 1 + 0)
7
Calculate -6 + -1 + 3 + 3.
-1
Evaluate (3 - -1) + -3 - 4.
-3
1 - (6 - (3 + 4 + -5))
-3
What is the value of 0 - 0 - (13 + -21 - -6)?
2
What is 2 + (-13 - -3) + 13?
5
Evaluate -1 + 2 + -1 - (-2 - -1).
1
Calculate -10 - (3 + -5 + 4 - 5).
-7
Evaluate 3 + (-3 - 2) - (2 - 2).
-2
What is the value of (4 - (3 - 3)) + -9?
-5
What is the value of 2 - 0 - (4 - (-8 + 7))?
-3
What is (1 - 5 - -4) + (-4 - 1)?
-5
What is the value of 1 + (2 - (0 - -5 - 4))?
2
Calculate 4 + (0 - (3 + 1) - 1).
-1
What is the value of (-1 - -3) + 1 + -7 + -1?
-5
What is the value of 0 - 0 - (22 - (-14 - -29))?
-7
Calculate 1 + (3 - (6 - 7)).
5
What is -8 - -7 - (-3 + 1 + 3)?
-2
What is 4 + 3 + -3 + (5 - 3)?
6
-2 + -2 + (2 - -6)
4
Calculate -3 + -2 + 2 - (-28 + 24).
1
What is the value of (3 - -2) + -7 + -1 + 0?
-3
Evaluate -10 - -10 - (2 - 6).
4
What is 5 - (0 + -2 + 6 + 5)?
-4
What is the value of (3 - 0) + 3 + -2?
4
9 - 2 - (-23 - -30)
0
Calculate 2 - (-2 - -5) - (-4 - -1).
2
What is the value of (-1 + 2 - 5) + 0?
-4
Evaluate 8 + -9 + -12 - -7.
-6
What is the value of 0 + 5 + -1 + 9 + -13?
0
Evaluate 11 + -10 + -8 - -3.
-4
What is 4 - (11 - (-1 - (3 - 6)))?
-5
(-50 - -54) + (-2 - -2)
4
Calculate (9 - 7) + -1 + -5.
-4
-1 + 5 + -1 + (5 - 6)
2
(3 - (-3 + 6)) + -2
-2
What is 1 - -1 - 8 - (0 - 3)?
-3
-6 + 1 + (63 - 53)
5
-4 + (7 - (-4 + 5))
2
What is -14 + 15 + 4 + -1 - 3?
1
Calculate 0 + (3 - (4 + 4 + -6)).
1
Evaluate -10 + (-2 + 13 - 9).
-8
What is the value of (3 - (-2 + -2)) + -6?
1
Evaluate 1 - (-1 - (-17 - -10)).
-5
What is the value of (-1 - 5) + -7 + 10?
-3
What is 0 + -12 + (8 - 0)?
-4
Evaluate (1 - 3) + 0 + (-4 - -1).
-5
What is -4 + 4 + -2 - -1?
-1
0 + -2 - (-2 + -2 + 5)
-3
What is 3 + (6 + (4 - 5) - 8)?
0
Evaluate 3 - (-4 - (0 + -4)).
3
Calculate 4 + -1 + 1 + -3 - 6.
-5
-7 + -9 + 8 + -5 + 8
-5
1 - ((2 - 2) + 2)
-1
5 - (9 + (-5 - -3))
-2
1 + -6 + (4 - (-2 + 3))
-2
Calculate 0 + ((-3 - 3) + 2 - -3).
-1
Calculate (3 - 3) + -1 + (-6 - -5).
-2
Evaluate -13 - (2 + -11 - 0).
-4
5 + 1 + -3 + 0
3
-8 + -5 + 7 - -5
-1
Evaluate -5 + 2 + -1 + 11 + -9.
-2
What is the value of -7 + 5 + 6 + 1?
5
What is the value of (-100 - -98) + (-2 - 0 - -9)?
5
What is the value of (-6 - -10) + -13 + 3?
-6
9 - 12 - (-5 + 2 + 1)
-1
0 - (-20 + (19 - 7))
8
What is the value of 11 + 0 + (-6 - -1) + -13?
-7
Calculate -2 + 7 - (-4 - -14).
-5
Evaluate -4 + 6 - (-1 + 2).
1
What is -4 + (4 + 3 - 3)?
0
What is -1 + (-4 + -2 - (-4 - 1))?
-2
What is the value of (3 - -3) + -9 - (0 + -1)?
-2
Calculate (6 - 0) + -3 + (20 - 27).
-4
Evaluate (4 - -1) + -4 + -1.
0
-2 - -7 - 1 - 5
-1
What is 13 - (12 - (8 + -8))?
1
Evaluate (4 - -4 - 4) + 1 + -2.
3
Evaluate 2 - (2 + 1 + 3).
-4
Evaluate -1 - (3 + 0) - (-2 - -1).
-3
What is the value of 2 - 1 - (11 + (-4 - 5))?
-1
Calculate -2 - (-1 - 3 - (-1 + -3)).
-2
What is the value of -4 + (9 - 3) + (-2 - 2)?
-2
(10 - 3) + -4 + 1 + 1
5
Calculate 3 + -2 + (2 - 3).
0
What is the value of 0 + 2 - (-32 + 37)?
-3
Calculate -2 - (-2 + (5 - (6 - 4))).
-3
What is -5 - -11 - (2 + 1)?
3
4 + -5 + (0 - -1) - 2
-2
Evaluate 1 + (-2 - 1) - -3.
1
6 - (5 + (0 - 2))
3
0 - -1 - (0 + 3 + -3)
1
-10 + 2 + 3 + 5 + -5
-5
Calculate -2 + (-1 - (-1 - (-2 + -1))).
-5
What is the value of 1 + -8 + (-9 - -10)?
-6
What is -2 + 0 + (2 - (1 - 2))?
1
What is the value of -3 + (4 - 0) + (0 - 5)?
-4
Evaluate 6 - (11 + -1 - 6).
2
Evaluate -6 + 6 + 5 - 3.
2
(-17 + 13 - (-1 - 0)) + -1
-4
Evaluate -6 + 0 + (6 - 6).
-6
Calculate -3 + -2 + (5 - 6).
-6
Calculate -15 + 11 + -6 + 1 + 4.
-5
What is the value of 10 - (2 + 3) - -3?
8
What is -6 + -1 + 8 + 1?
2
Calculate 1 + 3 + -49 + 48.
3
-13 + (32 - 14) + -11
-6
1 - -7 - (14 + 2)
-8
What is -7 + 9 - (0 - 2 - -4)?
0
Calculate (20 + -8 - 7) + -2.
3
What is the value of -9 + 3 + (-2 - (-3 - 0))?
-5
2 - (-6 - (-12 + 10))
6
What is the value of -2 + 0 - (3 - 2 - -2)?
-5
-2 + 8 + -4 + -6
-4
Calculate 1 + -3 - (2 + 0).
-4
What is the value of (-5 - -6) + 5 - 16 - -4?
-6
Calculate 1 - 7 - (49 + -51) - -7.
3
What is the value of (-1 - -1) + 2 + (-46 - -49)?
5
What is the value of (8 - 12) + -2 + 4 + -2?
-4
-12 + 11 + 1 + 1 + -7
-6
Calculate -9 - (4 + -9 - 7).
3
What is the value of -147 + 156 + (-16 - 1)?
-8
Evaluate 8 - (-7 + 19 + -7) - 3.
0
What is the value of (1 + -6 + 5 - 1) + 0?
-1
Evaluate 2 - (3 - (6 - 2 - 2)).
1
-1 + 0 + (-4 - -3) - -5
3
(2 + -9 - -2) + 2
-3
What is (14 - (8 + 8)) + -1?
-3
What is 0 + -10 - (-102 + 98)?
-6
-7 - ((3 - -3) + -11)
-2
What is the value of 3 - -1 - (193 + -191)?
2
Calculate (-10 - -1 - -3) + 12.
6
What is 10 - (-5 + 7) - 14?
-6
Calculate -4 + -2 - (-2 - 2).
-2
Evaluate 37 - 36 - (-1 - -1).
1
What is -3 - (3 - (-1 + 8))?
1
-5 - (2 + -8 + 5 - -4)
-8
What is the value of 3 - (0 + (-2 - -1))?
4
(-2 - -11 - 0) + (43 - 46)
6
3 + 9 + (2 - 19)
-5
Evaluate -11 + -5 + 0 + 9.
-7
Evaluate -4 - ((-5 - (-6 + -2)) + 3).
-10
What is the value of (-7 - (-5 - -1)) + 4?
1
Calculate 7 - 0 - (-2 + -1 - -7).
3
What is -7 - -1 - (-17 - -15) - -1?
-3
Calculate 2 + -6 - 0 - -4.
0
Calculate 2 + -6 + -3 + 9.
2
Calculate -2 - 3 - (0 - 5).
0
-3 + -1 - (-3 + -6 + 5)
0
12 + (4 - (6 + 4))
6
Evaluate (0 + 0 - (2 + -5)) + -4.
-1
What is the value of (3 - (1 + 3)) + 1?
0
What is (6 - 10) + -1 + 1?
-4
What is 1 + 3 + (1 - 4)?
1
What is the value of 0 - -4 - ((1 - -2) + 5)?
-4
-31 + 27 + (1 - -1)
-2
(23 - 18) + (-5 - 0) + 1
1
What is the value of 9 + -10 + (-4 + 2 - 1)?
-4
What is the value of (4 - 3) + 0 + -6?
-5
What is the value of -8 - (5 + 5 + -11 + -5)?
-2
What is -3 + 1 - 7 - -6?
-3
Calculate 3 + -8 + 3 + -1.
-3
What is the value of 0 - -3 - 3 - (-1 + 6)?
-5
Evaluate -8 + 3 + 8 - 9.
-6
-5 + -1 - (-6 - -1 - -2)
-3
What is the value of ((6 - -1) + -11 - -5) + 5?
6
What is 5 - -11 - 7 - 7?
2
Evaluate 5 + -9 - (1 + (-5 - -3)).
-3
What is the value of 2 + 1 + 2 + (12 - 13)?
4
What is the value of 1 + 0 + 1 + -4?
-2
Calculate 0 + -2 - (-7 + 14 + -7).
-2
Calculate (0 - (-14 + 23)) + 13.
4
What is the value of (24 - (17 + 3)) + (-2 - 0)?
2
(5 - 0) + (166 - 170)
1
(6 - -4) + -12 - -7
5
Calculate -2 + 12 - (21 - 16).
5
(1 - 6) + (-18 + 8 - -10)
-5
Calculate 5 - (0 + (4 - 2) + 0).
3
-4 - ((10 - 4) + -8)
-2
Evaluate -22 - ((-17 - -4) + 0).
-9
What is the value of -3 + (11 + -3 - (5 + -2))?
2
Calculate (13 - 25 - -25) + (2 - 7).
8
Evaluate 3 - ((1 - (3 + -3)) + 1).
1
0 + 0 + -2 + 2
0
Calculate 7 + (5 - (-6 - -10) - 4).
4
What is -10 + 9 - (-2 + 1)?
0
What is the value of 2 + (-6 - (5 + -2)) + 5?
-2
Calculate -7 - 0 - (9 + -26 + 13).
-3
What is 16 - 34 - -18 - (-1 - -1)?
0
Evaluate (2 - 2) + -12 + 13.
1
Evaluate -1 - (3 + (2 - (0 + 5))).
-1
What is 6 + -8 + 8 + (-3 - -4)?
7
Calculate -2 + -7 + 1 + (6 - 2).
-4
What is the value of -10 + 21 + (12 - 29)?
-6
(-5 - -10) + -4 + -2
-1
Evaluate -7 + 15 - (3 + 3).
2
Calculate -3 - (-4 + 5) - -2 - -1.
-1
What is 0 + -10 + (0 - -6)?
-4
What is the value of -3 + 14 + -6 + 3?
8
-3 + 4 - (-25 - -27)
-1
Evaluate (26 - 23) + (0 - 7).
-4
Calculate -6 - (-6 - (5 - 3)).
2